ose -7 = -4*h + 13. Suppose -3 = h*m - 23. What is the units digit of m?
4
Suppose 32 + 22 = 3*l. What is the units digit of l?
8
Let f(a) = a**2 - 8*a + 12. Let i be f(9). Suppose -m = 2*k - 15, m - i = -2*k - k. What is the units digit of k?
6
Suppose -5*t - 95 = -3*l - l, 2*l + t = 37. Suppose 2*s + l = 7*s. Suppose j + 1 = b + 4, 3*j = -s*b + 9. What is the units digit of j?
3
What is the tens digit of 5424/136 + (-2)/(-17)?
4
Let q = 4 + -8. Let b be (0/(-2))/(q + 2). Let a(l) = l**3 - l**2 + l + 5. What is the units digit of a(b)?
5
What is the units digit of (45/(-2))/((-3)/6)?
5
What is the units digit of (-1107)/(-12) + (-4)/16?
2
Suppose 2*i = -2 + 8. What is the units digit of (20/i)/(3/9)?
0
What is the tens digit of 2/9 + 4130/126?
3
Let b = 92 + -62. Let j = b + -15. What is the tens digit of j?
1
Let j(w) = -3*w - 4. Let n be (0 - (0 + 1))*-4. Let s = -1 - n. What is the tens digit of j(s)?
1
Let q(r) = 5*r**2. Let k be q(-1). Suppose 24 = k*u - 16. What is the units digit of u?
8
Let n(g) = 2*g + 1. What is the units digit of n(2)?
5
Suppose -4*t - 5*n + 29 = 0, 2*n = t + 4 + 5. Suppose t - 5 = -4*r. What is the units digit of r?
1
Suppose -3*r + 3 = 0, 5*u - 5*r - 17 = 33. What is the units digit of u?
1
Let f be 1/(0 + 1/4). Suppose 5*b + 8 = 3*m, f*m = -2*b + 7*b + 19. Let w = m + -7. What is the units digit of w?
4
Let k be (-6)/(1/(30/(-9))). Suppose o = 5*n - k, 2*n + 4*o = 7 + 1. Suppose 4*d - 36 = 2*a, n*a = -d - 0*d - 9. What is the units digit of d?
7
Suppose -3*v - 4 = 4*r, -5*v = -10*v + r + 1. Suppose v = -3*j + 4*j - 11. What is the tens digit of j?
1
Let d(j) be the third derivative of j**7/2520 + j**6/720 + j**5/30 + 2*j**2. Let h(i) be the third derivative of d(i). What is the units digit of h(1)?
3
Suppose 0 = 4*x + 4*m - 168, -x + 4*m = -2*x + 54. What is the units digit of x?
8
Let f = 36 + -27. What is the units digit of f?
9
Suppose -63 - 9 = -2*g. Suppose -4*t = -2*t - g. What is the units digit of t?
8
Suppose -1747 = -4*r - t, 0 = -3*r + 4*t + 440 + 894. What is the hundreds digit of r?
4
Let p(n) = -4*n**2 - 21*n + 6. Let y(h) = -3*h**2 - 14*h + 4. Let k(b) = 5*p(b) - 7*y(b). Let r be k(5). Let g = -4 - r. What is the units digit of g?
4
Suppose 3*b = -2*b + 30. What is the units digit of b?
6
Let c be 100 + 3 + -6 + 0. Let v = 56 - c. Let g = 57 + v. What is the tens digit of g?
1
Suppose -21 + 4 = n. Let m = 10 - n. What is the units digit of m?
7
What is the tens digit of ((-49)/(-2))/((-4)/(-8))?
4
Let x(b) = 21*b + 5. Let o be x(-3). What is the units digit of o/(-7) + (-26)/91?
8
Let f = -2 - -60. What is the tens digit of f?
5
Let w(v) = -2*v - 6. Suppose 30 = -a - 2*a - 3*p, 4*a - p + 15 = 0. What is the units digit of w(a)?
4
Suppose -11 = -5*j - 96. Suppose 4*y = 3*x - 78, 0*y = 5*x + 3*y - 130. Let i = j + x. What is the units digit of i?
9
Let w(u) = 10*u + 8. What is the tens digit of w(5)?
5
Suppose 29 - 179 = 3*i. Let w = i - -72. Let n = w - 15. What is the units digit of n?
7
Suppose 0 = 5*q + 5*d + 35 - 5, -3*q + d = 18. Let y be (-2)/q + (-370)/(-15). Suppose -v = 3*j - y + 6, -j - 5*v = 17. What is the units digit of j?
8
Suppose -4 - 1 = -5*o. Let q(f) = -f**2 + 13*f - 6. Let v be q(12). Let j = o + v. What is the units digit of j?
7
Suppose 17 = -5*z - 4*s + 117, 5*s - 25 = 0. Suppose -12 = -4*r + z. What is the units digit of r?
7
Let z = -23 - -45. Suppose 33 + 31 = 3*r + 2*h, r - z = -h. What is the units digit of (45/r)/(3/8)?
6
Suppose -3*y + 78 = 3*s, 6*y - y - 107 = -4*s. What is the units digit of s?
3
Let w(m) = m**3 - m**2 - m + 2. Let c be w(-2). Let n be (c/(-2))/2 - -11. Let a = -7 + n. What is the units digit of a?
6
Suppose 4*y + 4 - 12 = 0. Suppose 15 = t + y*t. What is the units digit of t?
5
Suppose -2*z + 252 = 2*z. What is the tens digit of z?
6
Suppose -2*y + 36 = 2*y. What is the units digit of y?
9
Suppose 11 = 4*k - 21. Let r = k - 14. Let j(t) = t**3 + 6*t**2 - 2*t + 4. What is the units digit of j(r)?
6
Suppose -5*p = 3*z - 46 - 19, 0 = -3*p + 3. What is the tens digit of z?
2
Let m be ((-4)/(-2))/1*11. What is the tens digit of m - -4*4/8?
2
Suppose -5*q - 1152 = -11*q. What is the tens digit of q?
9
Let s be -3 - -3*(-2)/2. Let t be (14/21)/(4/s). What is the tens digit of t/2 + 231/22?
1
Let w = 154 - -9. What is the hundreds digit of w?
1
Let o be 12/30 + 4/(-10). Suppose -2*d + 4 = o, 6*m - 5*d = 4*m + 18. Suppose v + v = m. What is the units digit of v?
7
Let h be (-14)/(-35) - 3/(-5). What is the units digit of h*(14 + -1) + 0?
3
What is the tens digit of ((-12)/(-3))/(2/16 - 0)?
3
Let s(d) be the first derivative of -d**6/360 + 11*d**5/120 - 3*d**4/8 + d**3 + 3. Let o(v) be the third derivative of s(v). What is the units digit of o(8)?
5
Let u = 11 - 7. Let f(y) = -6*y**3 + y**2 + 2. Let v(p) = 5*p**3 - 2*p**2 + p - 1. Let o(d) = -4*f(d) - 5*v(d). What is the units digit of o(u)?
9
Let d(w) = w**2 - 3*w. Let h be d(3). Suppose 2*r - 3 = 11. Suppose -n + r + 11 = h. What is the tens digit of n?
1
Let u(b) = 2*b**2 - 4*b + 1. Let t be u(3). Suppose -5*n = -t - 38. What is the units digit of n?
9
Let h(s) = 5*s**2 - 3*s. What is the units digit of h(-3)?
4
Let h(r) = r**2 - 6*r + 2. Let j be h(6). Suppose 7 = -2*l - 5*v, -l + 0*l = -j*v + 8. What is the units digit of 2/6 + (-40)/l?
7
Suppose -2*i = -43 - 103. What is the units digit of i?
3
Let j(o) be the third derivative of 5/6*o**3 - 1/24*o**4 + 1/120*o**6 + 0 - 1/15*o**5 + 0*o + 3*o**2. What is the units digit of j(4)?
1
Let g = -39 + 177. What is the units digit of g?
8
Let b(d) = 2*d - d + 1 + d + 10. What is the tens digit of b(9)?
2
Suppose -3*z - 2*z = 3*j + 5, 4*z = 5*j - 4. Suppose -4*b = -j*b - 24. What is the units digit of b?
6
Let x(h) = 3*h - 6*h + 2 - 4*h. What is the units digit of x(-1)?
9
Let f = -7 + 7. Suppose 3*g - 41 - 34 = f. Let t = g - 9. What is the tens digit of t?
1
What is the tens digit of 1/5 + 288/10?
2
Let m = -20 + 144. Suppose 5*y - m = 36. What is the tens digit of y?
3
Let h = 8 + -7. Let q be h + (-9)/(-3 - -2). Suppose -j + 9 = -q. What is the tens digit of j?
1
Let m(h) = -h**3 + 5*h**2 + 7*h - 2. What is the units digit of m(5)?
3
Let z(c) = c**3 - 16*c**2 + 16*c - 12. Let x = 14 + 1. What is the units digit of z(x)?
3
Let j = 9 + 7. Suppose c = -c + j. What is the units digit of c?
8
Suppose -7*k = -369 + 40. What is the tens digit of k - 6*2/4?
4
Let p = 0 - -1. Let q = 3 + p. Suppose -3*m - 6 = w - 44, -q*m + w + 46 = 0. What is the tens digit of m?
1
Let w(n) = 2*n**2 - 4 + 3*n**2 - 8*n - 4*n**2 - 2*n**2. What is the units digit of w(-6)?
8
Let u = -26 - -6. Let m = 33 + u. Suppose 11 + m = 3*o. What is the units digit of o?
8
Let s be (6/(-4) + 1)*-102. Suppose -2*b + 5*w + s = 0, 0 = b - 2*w - 25 - 2. What is the tens digit of b?
3
Suppose 11*p = 4*p. Let w(d) be the third derivative of -d**6/120 + d**5/60 + d**3/3 - d**2. What is the units digit of w(p)?
2
Let x(h) = h**3 + 4*h**2 - h + 1. Let i be x(-3). Let r(l) = l - 7. What is the units digit of r(i)?
6
Let g = 7 + -5. Let k = 3 + g. What is the units digit of k?
5
Let p(n) = -6*n - 3. Let c be p(-3). Let i = 10 - c. What is the units digit of 1/i + (-82)/(-10)?
8
Suppose 7*q = 6*q + 9. What is the units digit of q?
9
Let a(b) = 2*b**2 + 3*b - 7. What is the tens digit of a(4)?
3
Suppose -2*q = -31 - 49. What is the units digit of (18/15)/(6/q)?
8
Let n(k) = -k**3 - k**2 - k - 1. Let v be n(-2). Let y(p) = -p**3 - 8*p**2 - 8*p - 4. Let g be y(-7). Suppose -g*r + v*r = 20. What is the tens digit of r?
1
Let c be -3 - ((-9)/1 + 2). Suppose -2*t - x = -30, c*t - 30 = 3*x + 10. What is the tens digit of t?
1
Let n(j) = 8*j. Let x be n(2). Suppose -4*t + x = -48. What is the units digit of t?
6
Let h be (-322)/(-6) - (-1)/3. Suppose 6*v = 3*v + h. What is the units digit of v?
8
Suppose -4*r + 9 = 37. Let i = -5 - r. Suppose 52 - i = 5*l. What is the units digit of l?
0
What is the tens digit of (171 - 20) + -5 + -1?
4
Let u(p) = -p**3 + 1. Let f(y) = 5*y**2 - 6*y + 5. Let n(v) = 3*v**2 - 4*v + 3. Let r(w) = 5*f(w) - 8*n(w). Let b be r(-1). What is the units digit of u(b)?
1
Let a(b) = -b**3 - b. Let c be a(-2). Suppose j + c = -5*y, -2*y = -j - 5 + 30. What is the tens digit of j?
1
Let j be 209